he value of (52 + -88 - -51) + -4?
11
Evaluate 79 - 1 - (-164 - -108 - -82).
52
Calculate -10 - (62 + -41 + -13).
-18
Evaluate 4 - (34 + -58 - -63).
-35
0 + -3 - (2607 - 2654)
44
Calculate (1 - 0 - (-169 + 167)) + -4 + (-2 - -1).
-2
What is the value of -66 - -8 - (-1161 - -1116)?
-13
What is -79 + (124 - -83 - 63)?
65
Evaluate 20 + (5 - (4 + -1)) + 51 + -46.
27
What is -11 + 5 - (13 + (-47 - -33))?
-5
Calculate 11 + -6 + -16 - (56 - -8 - 13).
-62
Calculate (-31 - -1) + 71 + -61 + 6.
-14
What is 19 + -36 - (-68 + (-21 - -5))?
67
Evaluate (29 - 18) + (27 - (0 + 8)).
30
Calculate -84 - (-82 + 54 + 1).
-57
What is 0 + (-12 - 0) + (193 - (-45 - -263))?
-37
Calculate -1 - -3 - (1 + -1) - (4 - 21) - 4.
15
What is the value of (-10 - (-39 - (-8 - 9))) + -12 - (-1 - 2)?
3
Evaluate -52 - (2 - (-3 + 7 + 17 + -12 - -4)).
-41
Calculate 1 + 10 - (12 - (36 + (17 - (47 + -12)))).
17
(13 - ((4 - -26) + -12) - -12) + -57
-50
(-8 - (14 + -29) - 14 - 74) + 6
-75
7 - (-14 - (-1 + 2 + -9))
13
What is the value of (-33 - (34 + -94)) + -20?
7
Calculate (-1 - -14) + (-75 - -95 - 27).
6
Evaluate 29 - (41 + (-64 - -49)).
3
What is the value of (112 - -28) + -154 - (-1 - -64)?
-77
What is the value of -36 - -42 - (-6 + (-17 - -15) + -100)?
114
What is the value of 222 + (32 - (147 - -20))?
87
Evaluate -11 + (1 + -2 + -3 - (-170 + 153)).
2
(38 - -95) + (44 - 198)
-21
Calculate 84 - -1 - (-55 - -68 - 24) - 7.
89
What is -40 - (86 - (-39 - -132))?
-33
Calculate (2 - 0) + -30 + 26 + 8 - -38.
44
What is the value of 14 - 4 - 128 - (-9 - -1 - -20)?
-130
Calculate (-202 - -40) + -21 + 65.
-118
Calculate -44 + 8 + (-8 + (-7 - -16) - 7).
-42
Calculate 1636 + -1653 + (-1 - (3 - 72) - -1).
52
What is the value of 12 + -6 + (53 - 6) - 13?
40
What is the value of 818 - 810 - (-37 - -4)?
41
Evaluate 2335 - 2425 - (-6 - -37 - -3).
-124
What is -24 + (-9 + -4 - -10 - -14) - -38?
25
What is -121 - (-35 - 2) - -88?
4
What is the value of 106 - (-14 - ((0 - 6) + -64 + (17 - -43)))?
110
Calculate 8 - (-10 - -15 - 31).
34
What is the value of (64 - -2) + 259 + -337?
-12
What is -12 + -20 - -35 - 37?
-34
What is the value of (3 - -58) + 6 + (926 - 947)?
46
15 - 1 - (-25 - -1)
38
Evaluate 132 + -217 - -97 - -31.
43
What is the value of 12 + (-14 - ((-6 - -20 - 8) + -18)) - -11?
21
(1 - 65) + (11044 - 10987)
-7
-4 + -186 + 179 + (1 - -11) - -3
4
Evaluate 84 + -23 + -7 - 9.
45
What is 1529 - 1558 - (-2 + -49)?
22
What is the value of -6 + (21 - 66) + 13 + -2?
-40
What is 16 - (-24 + 36 + -22)?
26
What is (5 - -7) + (-54 - -17) - -19 - 5?
-11
What is -24 + (-2 + (-13 - 9) - -42)?
-6
What is -5 + -41 + 44 - (41 - (1 - 0))?
-42
((-43 - -4) + 5 + 20 - -12) + 35
33
What is the value of 29 + (-4 - (4 + 0 + -17 + -3))?
41
What is the value of (-35 - 0) + (-4 - 1) - (-6 - (3 - 4))?
-35
Evaluate -43 + 13 + -84 + 89.
-25
What is the value of 11 + -22 - (-11 + 13 + (-6 - -12))?
-19
What is the value of 2 + -48 - -61 - 40?
-25
What is (-35 - 1) + 3 - (1085 - 1073)?
-45
Evaluate -3 + -7 + 3 + 74 + (2 - 1).
68
Calculate (-15 - -5) + 5 + -105 + 51 + -42.
-101
Calculate -27 + 3 + (-2 - -4 - 13) + 14.
-21
Calculate 10 + -25 + (0 - 4) + (-5 - 0) + 17.
-7
(-48 - (-37 + (-16 - -8))) + (30 - -1)
28
What is the value of -13 - (-18 - (6 + (12 - -15)))?
38
Calculate -1 + -77 + 22 + -33 + 30 + -7.
-66
What is the value of (-110 - (-47 - -22)) + 44?
-41
Evaluate -13 - (35 + -22) - (78 + -45).
-59
Calculate 21 + (66 - 38) + -117 + -5 - (4 + 1).
-78
Evaluate 5 - (-17 + -1 + 8 + 0 + (114 - 116)).
17
(0 + (4 - -43) - (-60 - -42)) + -17
48
What is -67 + -36 + (-113 - -184)?
-32
What is -64 - (1 + 8 + (-162 - -142) - (-7 + 2))?
-58
Calculate -134 - (-72 + (-4 - -1)).
-59
What is -2 + 6 + (217 - (49 + 204))?
-32
What is -21 + 0 - (-14 + -24 + 20 + 13)?
-16
Calculate 22 + (7 - 13) + -25 + (11 - (-102 + 7)).
97
Evaluate -135 - (1 + 0 - (-116 + 108 - (-8 + -12))).
-124
Calculate -1 + -22 - (-120 + 199 - 148).
46
Evaluate -40 + ((6 - 23 - -11) + -9 - -24).
-31
What is (-146 - (-92 - 46)) + (1 - -19 - (3 + -2))?
11
What is the value of -26 - -42 - ((25 - 0) + 73)?
-82
Evaluate -94 + 9 + 28 - -76.
19
What is 0 + (-11 - -20) + 17 - -21?
47
What is the value of 8 - (21 + (22 - 12) + -5)?
-18
What is (4 - 5) + (-208 - -189) + 8 + 1 - -82?
71
(280 - 257 - (1 - (0 + 7))) + -10
19
What is the value of (-885 - -904) + -57 + -1 - -112?
73
What is 6 - 30 - (56 + -63) - -97?
80
What is the value of (7 - (2 + -30) - 17) + -56?
-38
What is the value of -28 - ((-2 - -24) + (0 - 9 - 0))?
-41
Evaluate 4 - -1 - (-349 + 329 + (-1 - -23) + 59).
-56
Calculate -27 - (19 + 4 - (-177 - -200)).
-27
What is (3 + -1 + 0 - -9) + (1904 - 1890)?
25
What is the value of ((-14 - -18) + -51 - 6 - (0 - -5)) + -13?
-71
What is the value of 2393 + -2388 - (-1 - -20)?
-14
(0 + -36 - (202 + -237)) + 38
37
-46 + (-106 - 41 - -80)
-113
Evaluate 32 + -1 + 381 + -412.
0
Calculate -35 + 27 + 8 + -6 + 32 + 2.
28
What is 25 + -33 - (-16 - 34)?
42
Evaluate -53 - ((-2 - -4) + -2) - (-247 + 242) - -5.
-43
Evaluate -18 - (-15 + 9 + -27) - 91 - 2.
-78
Calculate 0 + -37 + 456 + -384.
35
(-24 - (3 + -14)) + 27 + 43
57
Evaluate 5 - (20 + (21 + -1 - 10)) - (-14 - -11).
-22
8 + -12 - (-22 + (-28 - -47))
-1
Evaluate -46 + -4 + (-2 - (-34 + 31)).
-49
(99 - 76 - -19) + -107
-65
What is 55 - (70 - (-42 - -114))?
57
What is 21 - 20 - -69 - (28 - 12)?
54
Calculate -1 + 3 - 6 - 4 - (8 + 44).
-60
What is the value of -55 + 3 + 4 - (-38 + 43 + -18)?
-35
What is the value of -6 - (-4 + (4 - -10) + -18 + -9)?
11
What is the value of -80 - (-82 - -39) - -37?
0
Calculate 14 - (-9 + 16) - (-3 - (24 + 0 + 2)).
36
(4232 - 4184) + -109 + 1
-60
What is -67 - -49 - (45 - 21)?
-42
What is (93 - (2 + -8)) + -37 + (0 - -2)?
64
What is 5 + (-12 - (31 - 17))?
-21
(12 + 66 - 88) + -13 + 1 + (-1 - -5)
-18
What is 33 - (-10 + 2 + -8)?
49
Calculate 2 + -8 + 37 + -23 + 9 + -128.
-111
What is 16 + -6 + 34 + -42?
2
What is -20 + -12 + -10 + -8 + 28?
-22
Calculate (57 - 102 - -177) + (-2 - (-2 - -3)).
129
What is -11 - (-47 - 2 - (-25 + 36))?
49
What is (114 + -120 - -3) + 34?
31
200 - 199 - (10 + 1) - -77
67
-30 + -43 + 27 + (15 - 22)
-53
Evaluate 5 + (0 - 11) + 25 + -11 - (72 - 112).
48
Calculate -430 + 429 + ((4 - 1) + -5 - 32).
-35
What is the value of 0 - 88 - (711 - 762)?
-37
What is the value of (1 - -12 - -26) + -2?
37
What is (94 + -58 - 140) + 68?
-36
What is the value of 98 + -14 + (-71 - 66)?
-53
Calculate 401 + -127 + -132 + -4.
138
What is 55 + -69 - (-33 + -3)?
22
Calculate (-29 - (-1 - 48)) + -28 - (0 - -17).
-25
Evaluate -9 + (-3 - 11 - -35) + -21 + (-30 - 1).
-40
Calculate 474 + -466 + -9 + -2 + -48.
-51
What is the value of 70 - (155 - (-103 + 161))?
-27
(-9 - 3) + 19 + 15 + 18 + -11
29
Evaluate -85 + (189 - 101) + (3 + 0 - 2).
4
-78 + (9 + -4 + 8 - 2) + 1 + -2
-68
Evaluate -55 - (-19 - 2 - (531 + -558)).
-61
Evaluate -66 + -2 - ((-19 - (5 + -27)) + -26).
-45
What is the value of -4 - (-25 - (5 + -12))?
14
What is the value of -7597 + 7618 + (40 - -1)?
62
Calculate (17 - -3 - (40 + -14) - -13) + -45.
-38
Calculate -707 + 714 - (1 - 38).
44
59 + -2 + -3 - (-3 + (-8 - -25) + -2)
42
What is the value of (255 - 269) + (-2 - -129) + 14?
127
What is 7 + (20 - (-28 - -27)) + -15?
13
0 + -35 + (-102 - (-47 + -47))
-43
Calculate (-20 - (5 + -45) - 72) + 22.
-30
What is the value of (-91 - 0) + 7 + (0 - 17 - (693 - 713))?
-81
What is (-3 + 0 - 12) + -10 - (-3 + -6)?
-16
What is (0 + 1 + 0 - 10) + 0 + (4 - 34)?
-39
(0 - -1) + 27 + 5 + -53 + 9
-11
(46 - 3) + (-4270 - -4151)
-76
What is -79 + -5 + 17 - (-47 + 62)?
-82
What is the value of -47 + (0 - (23 - (-7 + 12)) - (-8 - 1))?
-56
What is (34 - (25 + -3 - 23)) + 2 + 12?
49
What is the value of -122 - (84 - 139) - 56?
-123
What is the value of -82 - -45 - 13 - -7?
-43
What is the value of (-8 - (-27 - 3) - 18) + -56?
-52
Evaluate 5 + (3 - (-3 + -1 + -2)) + 14.
28
What is the value of -9 - -7 - 56 - -9 - (13 - -4)?
-66
What is 9 + 2 + (-35 + 12 - -18) - (-4 + 17)?
-7
What is the value of -12 - -1 - (24 + -91 + 53)?
3
70 + (-26 - -10) + (22 - (24 + -12))
64
Evaluate (-6 - 9 - -14) + (4 - (0 - 5)) - -10.
18
((6 - 1) + -13 - 4) + (-30 - 0 - -34)
-8
Calculate -69 - (-70 + 56 - (-12 - (-3 + -1))).
-63
Calculate 14 + 116 + -97 + 41.
74
What is -28 + (-12 - (0 -